*k + 5*y = -z*k - 26, -4*y + 78 = 3*k. Is k prime?
False
Let o be (-6)/(-15) - (-92)/20. Suppose o*n - 143 - 932 = 0. Is n a prime number?
False
Let b(g) = g**3 + 12*g**2 - 33. Is b(-8) composite?
False
Let r be 7 + (-1 - 1/1). Suppose -5*m + x = -746, 3*x + 152 = -4*m + r*m. Is m prime?
True
Let q(m) = -m**2 + 4*m + 5. Let g be q(4). Suppose 3*a + 73 = 3*f - a, -118 = -3*f - g*a. Is f a prime number?
True
Suppose -4*m + 5*m - 403 = 0. Is m composite?
True
Let l = 242 + -173. Is l a prime number?
False
Let p = -2 + 4. Suppose 24 = 2*k + p*k. Is k a composite number?
True
Is (78/12 + 5)*118 a composite number?
True
Let s(g) = 6*g**3 - 4*g**2 + 1. Let h(v) = v**3 - 7*v**2 + 6*v + 1. Let x be h(6). Suppose 4*t - 28 = -3*n - n, 4*t = 5*n + x. Is s(n) composite?
False
Suppose 16 = 2*y - 4. Suppose -5*p - 4*l = -111, p = -p + l + 34. Let z = p - y. Is z a composite number?
True
Let g = 28 - 20. Suppose 5*v - 12 - g = 0. Is v prime?
False
Suppose 2*f + 4*y - 452 = 198, 995 = 3*f + 2*y. Is f a prime number?
False
Let o = -10 + 12. Suppose -3*l + o*l = -33. Is l prime?
False
Let w(i) = 6*i - 1. Let g(y) = 17*y - 3. Let u(h) = 3*g(h) - 8*w(h). Let q be u(9). Let f = q - 1. Is f a prime number?
False
Let y be (-1 - -1)/(-2 - -1). Let m be 118/(-3)*(-30)/4. Suppose 6*f - f - m = y. Is f composite?
False
Suppose -30 = -4*u - u. Let a(p) = 3*p + 3. Is a(u) a composite number?
True
Let n be (-3)/18*2*3. Let p = n + 4. Suppose g - 89 = -0*g + 4*d, -491 = -5*g - p*d. Is g a prime number?
True
Is (-174)/(-8) - (-3)/(-4) prime?
False
Let p(t) = -2*t + t**2 - t**2 - t**2. Let y be p(-4). Let a = y - -18. Is a composite?
True
Suppose -4*h + 104 = -116. Is h prime?
False
Suppose -g = -86 - 95. Suppose -3*t + g = -4*d, 0 = -d - 3*d - 4. Is t prime?
True
Let i(u) = 17*u**2 + 4*u + 3. Suppose -m - 7 = 2*q - 15, 2*m - 3*q = 2. Is i(m) a composite number?
True
Let v(o) = 13*o**2 + 11 + o**2 - 12 + 16*o**2. Is v(-2) composite?
True
Let n be (-2 + 4)/(10/5). Let b(l) = 20*l**3 - l**2 - l + 1. Is b(n) prime?
True
Let s(t) = -t**3 - 4*t**2 + 5*t - 4. Is s(-6) prime?
False
Let x be 13/(-3) + (-7)/(-21). Is 36 + (-3)/(x - -1) a composite number?
False
Let x(i) = i**3 - i**2 - 6*i - 3. Is x(8) composite?
False
Let x = 6600 + -2441. Is x composite?
False
Suppose 3*u + 88 = -863. Let i = -204 - u. Is i composite?
False
Suppose o + 5*o - 21348 = 0. Suppose -z + 1784 = z - 3*c, 4*z - o = c. Is z prime?
False
Let a(m) = m**2 + m + 11. Is a(12) a composite number?
False
Let s(w) = -23*w**3 + 2*w**2 - 2*w + 4. Is s(-3) a composite number?
True
Suppose 4445 = -3*z + 6*z + 2*j, -3*z + 2*j = -4441. Is z composite?
False
Suppose -3*g + 271 = -560. Is g composite?
False
Let u = 412 + -125. Suppose 5*m + 420 = 2*k + 3*k, 4*m - u = -3*k. Is k composite?
False
Let j(q) = 47*q + 5. Is j(6) a composite number?
True
Suppose -2*s = s - 192. Suppose 0 = -4*x + s + 72. Is x a prime number?
False
Is (3107/4)/(28/(-16) - -2) prime?
False
Let y be 8/5*(-10)/(-4). Suppose 0 = -y*l + 5*a + 149, 3*l - a = -5*a + 73. Suppose 0*q + q - l = 0. Is q composite?
False
Let s(j) = j - 22. Let x be s(0). Let k be x/(-10) + (-1)/5. Suppose 4*f - 91 = -3*c - k*c, -2*f = 3*c - 53. Is c a composite number?
True
Suppose 0 = 3*v - 37 - 26. Is v prime?
False
Let y(q) = q**3 + 3*q**2 - 5*q - 1. Let v be y(-4). Suppose -6 + 0 = -v*s. Is s a composite number?
False
Suppose -2*f + 0*f = -2*s - 116, -46 = -f + 5*s. Suppose -5*b = 3*n - 955, -b + 130 = -5*n - f. Is b prime?
True
Let x be 3/(18/4)*3. Is 3/((6/67)/x) a prime number?
True
Let q(r) = -22*r. Let f(k) = 11*k. Let d(x) = -11*f(x) - 6*q(x). Let p be d(2). Let z = p + -11. Is z a composite number?
False
Let b(o) = -462*o + 41. Is b(-4) a prime number?
True
Let h(p) = -44*p - 3. Is h(-2) composite?
True
Let d = -1193 + 3696. Is d a prime number?
True
Let q(x) = x**3 - 2*x**2 - 3*x - 5. Is q(5) prime?
False
Suppose -2*b - b = -6. Suppose 3*z - 665 = -b*z. Is z a composite number?
True
Suppose 4*g - 6 = 6. Let k(x) = 1 + 2*x**2 + 0 - 37*x**g - 3*x**2. Is k(-1) composite?
False
Suppose 4*l = -n + 13, 0 = -5*l - n + 5 + 10. Suppose -v - l*o + 13 = -0*o, -4*v - 13 = -5*o. Let t(b) = 18*b - 3. Is t(v) a prime number?
False
Let y(m) = -2*m**3 + 4*m**2 - m + 1. Is y(-3) composite?
True
Let z(s) = -s**3 + 8*s**2 + 9*s + 2. Let b be (-65)/(-7) - 6/21. Let w be z(b). Suppose -l = -4*y - 69, -w*y + 6*y = -12. Is l composite?
True
Let m be (-1228)/(-22) - (-4)/22. Suppose -5*y + 99 = -m. Is y composite?
False
Suppose 3*c - 33 = 4*c. Is (-1210)/c + (-2)/(-6) a prime number?
True
Let n be 544 + (4 + -3)*-3. Is (n/(-2))/(9/(-18)) composite?
False
Let f(z) = -7*z**3 - 2*z**2 + 4*z. Is f(-3) prime?
False
Let o(j) = -207*j - 12. Let l(h) = -138*h - 8. Let f(r) = 7*l(r) - 5*o(r). Let i = -21 - -24. Is f(i) composite?
False
Let f be ((-12)/(-4))/(1/2). Suppose p - f = 4*p. Is ((-1)/p)/((-3)/(-42)) a prime number?
True
Let a(h) = -117*h + 1. Suppose 0 = -4*w - 6 + 18. Let y be a(w). Is y/(-6) - 6/(-9) prime?
True
Let a(f) = -f**3 + 4*f**2 + 4*f + 5. Let l be a(5). Suppose -3*v - 2 = 4*r + 1, 4 = -2*r - 2*v. Suppose l*g + 75 = r*g. Is g a prime number?
False
Let i(f) = -f**3 - f. Let p be i(-1). Let v be p/(-5) + (-69)/15. Is (v/2)/((-2)/76) prime?
False
Is -1 - (-659 + 3)/4 prime?
True
Suppose 0 = w + l - 0 - 5, 12 = 4*w - 4*l. Suppose -3*v + 3*d = -228 - 87, 0 = w*d + 12. Suppose v + 57 = 3*a. Is a composite?
False
Let c(v) = -39*v - 5. Let a be c(-6). Let n = a - 120. Is n composite?
False
Suppose 0*f = 2*f - 124. Is f a composite number?
True
Let k = 498 - 181. Is k composite?
False
Let s(h) = -2*h**3 - 9*h**2 - 8*h - 17. Is s(-10) composite?
False
Let k(h) = h**3 - 6*h**2 + 6*h - 2. Let p be k(5). Let b(o) = 36*o - 4. Let s be b(p). Suppose -4*t + s = -0*t. Is t a prime number?
False
Suppose -5*m - 6 = 4*t, m + 6 = -t - t. Let s(v) = -21*v - 6. Let y be s(t). Is (-4 + y)/((-2)/(-1)) a prime number?
True
Let r be (9/(-3))/(2/(-2)). Suppose r*t - 8*t = 235. Let q = t - -102. Is q a composite number?
True
Suppose r - 1082 = -3*b, 4*b - 1926 - 2362 = -4*r. Is r a prime number?
False
Is 58/(-3)*(-81)/18 prime?
False
Let z(q) = -q**2 + 1. Let v(i) = -4*i**3 + 5*i**2 - 2. Let l(r) = -2*v(r) - 6*z(r). Let a be l(3). Suppose 3*o = o + a. Is o a composite number?
False
Let b(d) = -d + 222. Let n be b(0). Let v = n + -314. Let c = v - -131. Is c a prime number?
False
Let m(y) = -40*y. Let r = 6 + -7. Let s be m(r). Let k = s - 9. Is k a prime number?
True
Suppose -5*r = 15, z + 2*r - 1153 = -0*r. Is z prime?
False
Let s = -5361 + 8512. Is s composite?
True
Suppose -x + 4*y = -1308, 0 = -x + y + 2*y + 1312. Suppose -4*g - x = -8*g. Is g a composite number?
False
Let i(h) = h**2 + h + 2. Suppose -5*b - 25 = 2*q + 8, -5*q = -3*b + 5. Is i(q) composite?
True
Suppose -2*p = -4*p. Suppose 2*f = 2*t + 16, p = -5*t - 2*f - 26. Is 3*(-4)/t + 209 a prime number?
True
Is (-16)/(-32) + 1170/4 composite?
False
Suppose -6 + 2 = -2*x. Let m = x + 0. Is m prime?
True
Let b(l) = 2*l - 8. Let o be b(6). Suppose -x - o*g - g = -131, -709 = -5*x + 2*g. Suppose 4*y - 773 = -5*a, 2*a = -y + 170 + x. Is a a prime number?
True
Is (-9)/18*(-37 + -1) prime?
True
Let z(f) = -f**3 + 7*f**2 - 8*f + 9. Let v be z(6). Is -16*45/(-6) - v a prime number?
False
Let l be (-1)/(-2) + (-2997)/(-6). Suppose 4*k = -4*m + l, 5*m - 162 = -k - 45. Is k composite?
False
Let x(w) = -7*w + 11. Suppose -2*a = 2*a - 20. Suppose 5*g + 20 = -m + 2, 5*m + 30 = a*g. Is x(m) composite?
False
Let p = 180 + 1547. Is p a prime number?
False
Let a(m) = -m + 7. Let r be a(7). Suppose -4*n + 765 = 3*i, r = 4*i + 3*n - 0*n - 1027. Is i a composite number?
True
Suppose -4*o = 2*p - 254, -374 = -5*o - 4*p - 55. Let d = o - 28. Is d a prime number?
False
Let h(l) = l**2 + 7*l - 4. Let y be h(-9). Let j = -3 - -5. Suppose -y = -j*d - 0*d. Is d a prime number?
True
Let h = 11 - 8. Is (h - (2 + 0))*19 composite?
False
Suppose -7*n - 8*n = -35535. Is n prime?
False
Let b = -11 - -6. Let r(k) = -6*k + 3. Is r(b) a composite number?
True
Let p(d) = 2*d**3 - 3*d**2 + 3*d + 1. Let w be (1/2)/(2/12). Is p(w) prime?
True
Let c(k) = -38*k**3 + 2*k + 1. Let y = -8 - -11. Suppose -5*z - 2 = y. Is c(z) prime?
True
Let c(b) = 6*b**3 + 4*b**2 - 12*b + 2. Let k(s) = -5